 - 1) + -9)).
-9
What is 9 + (10 - 4 - 13) + -8 + 24?
18
-10 - -5 - (48 + -37) - (-3 - -3)
-16
What is the value of 59 + (8 - (-25 - (26 + -36)))?
82
Evaluate (3 + (-4 - 31) - (1 - -14)) + -13.
-60
Evaluate (9 - 0) + (-9 - (-13 - -13)) + -36 + 42.
6
(-24 - 1 - -60) + (74 - 49)
60
Calculate (44 - (-1 - 32 - -51)) + -95.
-69
Calculate 2048 + -2033 + (-2 + 2 - 6 - 1).
8
What is (12 - 16) + (-28 - -28) + (-1 - 28)?
-33
What is (-7 + 34 - 22 - -38) + -4?
39
(-6 + 103 - -11) + -47
61
Calculate -9 - ((-23 + 10 - -13 - 14) + 25).
-20
What is 5 - (7 + (44 - 68))?
22
Evaluate -67 + 134 - (-3 + (2 + -1 - (38 - 33))).
74
What is ((16 - -19) + -10 - 11) + -14 + -5?
-5
Evaluate 83 + (93 - 91) + (-16 - (10 - 20)).
79
Calculate 0 - 49 - ((3 - (8 + 8 + -8)) + -2).
-42
Calculate -70 - ((-27 - -8) + 33 + -16).
-68
What is the value of 21 - (-4 + -2) - (327 - 332)?
32
Calculate -39 + 114 + -146 - (-2 - 32).
-37
23 + 1 + 6 - (-27 - -49)
8
Evaluate -154 + (125 + -106 - (-3 + -20)).
-112
What is -1 + 2 + 14 - (721 + 24 + -859)?
129
Evaluate 98 + -134 + 46 - 26.
-16
Calculate (267 + -104 - ((-2 - 18) + 5)) + -24.
154
What is 13 - (-51 - 20 - -49)?
35
-1 + -52 + (-113 + 25 - -96)
-45
What is the value of 24 - (-5 - ((-6 + -28 - -16) + 25))?
36
What is the value of (6 - (-14 + 13)) + -24 + 11 + 31?
25
What is (-5 - (-93 + (36 - 7))) + 21?
80
(6 - -3) + -2 + (47 + -29 - 59)
-34
Calculate -9 - (39 + (16 - 35) + -18).
-11
What is the value of 0 + -5 + (8 + 3 - 4)?
2
27 + (-5 + 7 - 16 - (-2 - 3))
18
Calculate -59 + (-44 - (15 - 91)).
-27
Evaluate -25 - -52 - 24 - (0 - (6 + 3)).
12
Calculate -47 - (-1 + -9 - 1 - (-76 + 76)).
-36
What is the value of -12 + 1 + 73 + -13 + 20 + 7 + -14?
62
What is the value of 20041 + -19941 - (-2 + 90)?
12
-9 - (-3 + 2) - (-171 + 246 + -58)
-25
Evaluate -9 - 26 - ((-3 + 0 - (-4 + 3)) + -6).
-27
Calculate -16 + 11 + -19 - (26 - 22 - 3).
-25
What is the value of 55 + (-39 - -91) + -66?
41
What is -27 + 39 + 34 + -26 - 84?
-64
Calculate (-2 - (110 + -78)) + 74 + 3.
43
Calculate 3 + -5 + (-6 - (-11 + 4)) - (-3 - 7).
9
What is the value of (-10 - (-2 - 20)) + -80 - 14?
-82
Calculate -34 + (143 + -103 - -1).
7
What is the value of 8 - (46 + -21 + -4 + -26) - -57?
70
What is the value of -2400 + 2451 + (-27 - 0)?
24
Evaluate -33 - (10 + 15) - -70.
12
What is 11 + (-34 + (57 - 40) - -39)?
33
What is the value of (-1 - -20) + 31 + -8 + (-1 - -1)?
42
Evaluate (9 + (13 - (-15 - -37)) - 13) + -44.
-57
Calculate (-46 + 8 - 42) + 46.
-34
What is -165 - (8 + -13 + 10 + (6 - 14) + -8)?
-154
Evaluate 2 - (-2 - (6 - 1)) - (35 + (183 - 283)).
74
What is -28 - (-44 + 63) - -89?
42
What is the value of -4 + (16 - 2) + (-94 + 52 - 51)?
-83
Evaluate 29 - (54 - 4 - (-8 + -5)).
-34
What is -28 + (4 - -32 - (-230 + 241))?
-3
(-7 - (-6 + (-6 - 50))) + -25
30
Evaluate -34 - ((-36 - -34) + -29).
-3
Evaluate (-103 - -47) + 49 + -22 + -2.
-31
(11 - 3) + 1 - (-5 + -50 + 8)
56
(-40 - (8 + -72)) + -49
-25
Calculate -8 - 2 - ((-403 - -414) + (-1 - 40)).
20
Calculate -34 - (-1 - (-30 - -33)) - -63.
33
What is 24 + 3 - (-25 + 10 - -105)?
-63
Evaluate -36 - (29 - (35 - 0) - (0 + -13)).
-43
What is -4 + -8 - (-26 + (44 - 13)) - -5?
-12
What is the value of (-5 - 2 - -1) + -235 + 235 + -27?
-33
What is the value of (1 - 1 - 73) + (1379 - 1418)?
-112
Evaluate -22 - ((22 - -1) + -3 + -142 + -1).
101
Evaluate (1 + -2 - -100 - 2) + (83 - 16) + -54.
110
What is the value of 24 - (63 + 24 + -9 - -2)?
-56
What is the value of -146 + 135 - (9 + 13 + -15)?
-18
What is the value of 23 + -33 + 10 + 15 + (7 - -29)?
51
Evaluate -11 + 65 + -9 - 100.
-55
(19 - (9 + 11)) + -14 + 34 - -20
39
What is the value of (1494 - 1508) + (-1 - -74) + -2 + 0 + 2?
59
What is the value of 224 + -238 - ((-12 + 17 - -92) + (-1 - 2))?
-108
Calculate 4 + (-8 - 3) + -18 + 3 + -4.
-26
What is 6 + (-5 + 16 - 16) - (-18 - 2) - -7?
28
What is 30 + -24 + 100 + -20?
86
Calculate 40 + 34 + -183 + 20.
-89
What is -4 - 1 - (133 - 41 - 76) - (5 - 1)?
-25
Calculate -1 + 9 + (-5 + -5 - (12 + 0 + -80)).
66
Calculate 1 + -11 + -1 + (-17 - (-128 + 58 + 49)).
-7
What is the value of (168 - 157 - (4 + 0 + 1)) + -63?
-57
What is the value of -4 - (-33 + 68 + -61)?
22
-6 + -2 + -43 + (-2 - 12 - -20)
-45
101 - (-3 + 24) - (-4 + 6 + -11 + 10)
79
Evaluate -3 + (2 - -54 - (2 - -15)).
36
Evaluate -69 - ((-45 - 63) + 69).
-30
Evaluate 119 - (-54 + 118) - -20.
75
Calculate (-222 - -204) + (1 + -7 - -19) + -5.
-10
What is 3 + -20 - -19 - -60 - (0 - (4 + -1))?
65
What is (76 - (-35 + -23 + 248)) + 15 + 1?
-98
Calculate (-535 - -542) + (-6 - -75).
76
What is the value of -48 - (-45 + 24 + -1) - 75?
-101
What is the value of (19 + 51 - 35) + -2?
33
What is the value of (3 - 29) + (497 - 451)?
20
8 + (13 + (-30 - 4 - -12) - -3) - -7
9
What is the value of -96 + (-77 - -51 - -197)?
75
What is the value of -79 + 71 - (-32 - (-9 + 6))?
21
Evaluate 16 + (-62 + 5 - (-22 + -42 + 57)).
-34
What is -11 + 173 + -150 + (-1 - 70)?
-59
86 - 0 - (-131 + 124 + 14)
79
What is the value of 61 + (200 - 315) + (19 - 2)?
-37
-9 + (-812 + 817 - (-1 + 4 - (70 - 1)))
62
Calculate -31 + 2 + -1 + -36 + (20 - 15) + 21.
-40
Evaluate (1 - -56) + ((36 - 25) + -25 - -1).
44
(45 - 15) + (51 - 37) + (0 - 0) - -13
57
Evaluate (3 - 14) + (72 - (-32 + 74)) + -41.
-22
(1 - 3) + (-1 + 3 - 2) - (4769 - 4841)
70
What is the value of (-16 - (43 + -14)) + 15 + 63?
33
What is the value of 218 + -191 + -35 - (73 + -2 + 2 + -2)?
-79
105 - (3 - (14 + -10) - -7)
99
4 - (57 + (6 - (-12 - (-17 + -13))))
-41
What is 21 + 30 + 66 + -24 + 2?
95
What is the value of -11 + -4 + (-1 - -16) + -33 + 6?
-27
93 - (-182 + 215 - (-3 + 28))
85
What is the value of 12 - ((13 - 2 - 35) + -26 + 14)?
48
Evaluate (-29 - -50) + (25 - 15).
31
Calculate 0 + 0 + -12 + -49 + -9 + 28 + 1.
-41
Evaluate -169 + 110 + -39 - (-46 - -1).
-53
Evaluate 5 - (25 - 11) - (-34 + 21).
4
What is the value of (-2 + 3 - 0 - 15) + (-54 - (-10 - 46))?
-12
What is the value of 20 + -24 + (5 - -7) - (-7 + 4 + -35)?
46
1 + -1 + 4 + (778 - 776) + 87
93
What is the value of -1 + 2 + 473 + -470 - -77?
81
Calculate 62 + -79 + (0 - 2) + 18 - 27.
-28
What is -71 - (-5 + (-11 - (-21 + 9 + -6)))?
-73
Calculate (-35 + 28 + -46 - 32) + -24.
-109
What is the value of -29 + 14 + (3 - -4) + (-44 - -22)?
-30
Calculate (-9 - -32) + (-36 - (-27 + 9)).
5
What is the value of 3 + 20 + (-9 - 14 - -19) + 115?
134
Calculate 10 - (9 + -6 + 5 - 13) - (-8 - -5).
18
-73 - (-20 + 2 - (76 - (134 - 57)))
-56
What is (-54 - (71 + -160)) + (0 - -37)?
72
Evaluate -22 - (-50 + 73 + (-7 - -22)).
-60
Calculate 81 + -97 + 27 + 2.
13
What is (-1 + 11 - ((-19 - (5 + -19)) + 5)) + 36?
46
What is (7 - (-7 + 12) - 1) + 7 - 93 - 7?
-92
55 + 3 + (-90 - (96 + -203))
75
What is the value of 16 + -5 + -50 + 17?
-22
Calculate -142 + 151 + (8 - (0 + -1)).
18
2 - (1 + -11 - (203 + -209)) - 14
-8
What is 98626 - 98613 - (1 + (-76 - 1))?
89
Evaluate 64 + 510 + -510 + -1 + 6 + -14.
55
What is (72 - 88) + 48 + -138?
-106
Calculate 118 - ((-111 - -28) + 153).
48
What is 29 - (24 + (-47 - (36 - 5)))?
83
What is (-151 - 2 - -133) + (7 - 3)?
-16
-2114 + 2139 + -2 + 51 + -1 + -9
64
Evaluate (-5 - 13) + (43 - 35 - (-2 - 3)).
-5
Evaluate (36 - (-69 - -156)) + 97.
46
Evaluate -2 + (-3 - -3) + 2 - -7 - (-3 - -58).
-48
-2296 - -2291 - (39 - 1)
-43
What is (2 + 0 + 12 - (205 - 188)) + -69?
-72
(-34 - 2) + (-14 + 124 - -45)
119
-298 + 329 + -93 + 2
-60
Evaluate 18 + -87 - -53 - (6 - 131).
109
-15 - (-1 + -1 + -7 + 2 - (21 - 24))
-11
Evaluate -9 + -14 - (181 - 222).
18
What is the value of 1 + (133 - 2) + (-16 + 24 - 22)?
118
Calculate (-23 + -23 - 29) + 35.
-40
Calculate -1 - 13 - (-16 - (-15 - -7 - 0)).
-6
-2597 + 2634 + (11 - -1)
49
What is the value of (-38 - 6 - 4) + 1 + 17?
-30
Calculate 11 + 13 + -26 + (0 - -9) - -12.
19
Evaluate (11 - 1) + 288 + -320.
-22
Evaluate (7 - 0 - (-375 + 396)) + (15 - -5).
6
What is the value of 14 - (-10 - 10 - -10 - -60)?
-36
-31 - (-49 - -102 - 95)
11
What is the value of -12 + 57 + -2 - 70 - -91?
64
Evaluate -16 + 17 + -3 + (-53 - -3) + -6.
-58
What is (0 - -1) + 8 - (-13 + -12 + 43)?
-9
Evaluate -6 - 0 - (-133 - -130) - (0 - 70).
67
-37 + (23 - 8) + 13 + (2 - (54 + 1))
-62
Calculate (-16 - 8 - -20) + -1 + (-3 - 4).
-12
Calculate 178 - 102 - (2 - -3 - (22 +